ime number?
False
Is 4806979391 a composite number?
True
Is 6144644263 a prime number?
False
Is 2122103927 composite?
True
Is 2367455261 a composite number?
True
Is 11533328237 composite?
False
Is 707146018 composite?
True
Is 75020942869 prime?
True
Is 6577106407 prime?
False
Is 611589181861 prime?
False
Is 75407071 a prime number?
True
Is 424109897 a prime number?
False
Is 71736211 composite?
False
Is 167519587 a composite number?
False
Is 2311362022 prime?
False
Is 195253183 composite?
False
Is 32029678591 a composite number?
False
Is 22783331299 composite?
False
Is 1147231177 prime?
False
Is 1957692361 a composite number?
False
Is 122661153611 a prime number?
True
Is 76968036133 prime?
True
Is 1580005627 a prime number?
False
Is 2156271253 composite?
False
Is 473433379 prime?
True
Is 669207703 prime?
False
Is 9978429337 a prime number?
True
Is 2972134679 a composite number?
True
Is 686372243 a prime number?
True
Is 1623975499 prime?
True
Is 917241191 composite?
False
Is 6709009 prime?
True
Is 4149980903 a prime number?
True
Is 1521570181 a composite number?
False
Is 1533583131 a composite number?
True
Is 4450389781 composite?
True
Is 202969271 prime?
True
Is 1495192787 composite?
True
Is 374098931 a composite number?
False
Is 11314789589 a composite number?
False
Is 4770417569 a composite number?
False
Is 226822289 a composite number?
True
Is 2135564929 composite?
True
Is 806391647 prime?
True
Is 2756505733 prime?
True
Is 930807091 a prime number?
True
Is 9444172597 composite?
False
Is 190040531 composite?
True
Is 17282261753 a composite number?
True
Is 14004894227 prime?
False
Is 1247918251 a composite number?
False
Is 27250654111 a composite number?
False
Is 6914293549 a prime number?
True
Is 285493938859 composite?
False
Is 4183580233 composite?
True
Is 16395030749 prime?
True
Is 2442634237 composite?
True
Is 4524133303 a prime number?
True
Is 356771711 a composite number?
False
Is 393045841 prime?
False
Is 403834693 a prime number?
True
Is 1579006853 a prime number?
True
Is 535102031 a prime number?
True
Is 5109547343 a composite number?
False
Is 2143352191 prime?
True
Is 4393587853 prime?
True
Is 264582008259 a prime number?
False
Is 145091987 a prime number?
False
Is 526778369 composite?
True
Is 85694951 a prime number?
False
Is 12850249873 a prime number?
False
Is 1356480173 prime?
True
Is 885288367 a prime number?
True
Is 76872208009 a prime number?
True
Is 52856849 a prime number?
True
Is 93425341 a prime number?
False
Is 219981300589 a composite number?
True
Is 3360584501 prime?
True
Is 1681536277 a prime number?
True
Is 13050776833 prime?
True
Is 6445390646 a composite number?
True
Is 1849518241 composite?
True
Is 12755077633 prime?
True
Is 353140727 a prime number?
False
Is 752490619 composite?
False
Is 4659935551 composite?
False
Is 1461610247 a composite number?
False
Is 1232128651 a prime number?
False
Is 964056209 a prime number?
False
Is 4816921889 a prime number?
False
Is 626017729 composite?
False
Is 14180995051 prime?
True
Is 210030629 prime?
True
Is 1457707519 a prime number?
False
Is 1003396883 composite?
False
Is 8795084303 composite?
False
Is 8975570819 prime?
True
Is 9837729041 composite?
True
Is 1780677029 composite?
False
Is 113095042081 a composite number?
True
Is 5680293547 a prime number?
False
Is 367146818 a prime number?
False
Is 3447931 composite?
False
Is 93613253 a prime number?
False
Is 2142909511 a composite number?
False
Is 4941996929 a prime number?
True
Is 7952478389 composite?
False
Is 7281787 prime?
True
Is 8172712049 composite?
False
Is 9447455921 composite?
True
Is 18449337173 composite?
True
Is 23566275571 a prime number?
False
Is 67062334397 a prime number?
True
Is 56008254749 composite?
False
Is 55942082387 prime?
True
Is 29953915807 prime?
False
Is 295115747 prime?
False
Is 3928579783 prime?
False
Is 43636050695 a composite number?
True
Is 99809136967 a composite number?
True
Is 3227227771 a prime number?
True
Is 1549105949 a prime number?
True
Is 12556609 a prime number?
False
Is 7618393597 a prime number?
False
Is 2756345413 composite?
False
Is 451727911 a composite number?
False
Is 66471033659 prime?
True
Is 35003959689 composite?
True
Is 5179109357 a prime number?
False
Is 21024759473 prime?
True
Is 1070080481 a composite number?
True
Is 10294979509 a composite number?
True
Is 32592627689 a composite number?
True
Is 73816919677 a composite number?
False
Is 1043291959 a composite number?
False
Is 18361049327 composite?
False
Is 4043407127 a prime number?
False
Is 30226819637 a composite number?
True
Is 284760803 prime?
True
Is 287593673 composite?
True
Is 21153618709 a prime number?
True
Is 18600449507 a composite number?
True
Is 29164079519 a prime number?
True
Is 9380105641 a prime number?
True
Is 3164154403 prime?
False
Is 32749982409 prime?
False
Is 12828159991 a composite number?
True
Is 25766872957 prime?
False
Is 11521156909 a composite number?
True
Is 31744478159 a prime number?
True
Is 1957931711 prime?
False
Is 253081097 prime?
True
Is 125059853 composite?
False
Is 63634061 a composite number?
True
Is 1816336853 a composite number?
True
Is 404976269 a composite number?
True
Is 35968001431 a prime number?
False
Is 18343738913 a prime number?
True
Is 75780970633 prime?
False
Is 593247101 composite?
True
Is 36962151283 prime?
True
Is 19229993147 composite?
False
Is 14115154289 a composite number?
True
Is 38488078281 a composite number?
True
Is 15503191273 prime?
True
Is 234596647477 prime?
False
Is 8308124443 a prime number?
True
Is 27853898881 a composite number?
False
Is 40503758161 prime?
False
Is 128370097 prime?
True
Is 3264310337 a prime number?
False
Is 10113500441 a prime number?
False
Is 216376842599 a prime number?
True
Is 50198801251 a composite number?
False
Is 6249160865 composite?
True
Is 6964189019 a composite number?
True
Is 179872783 a prime number?
False
Is 27994801477 a composite number?
False
Is 297076889 a composite number?
True
Is 25876585841 a prime number?
True
Is 8056079531 composite?
True
Is 4601689109 prime?
False
Is 218471179 prime?
False
Is 549506021 prime?
True
Is 4158630431 composite?
False
Is 10107277993 a composite number?
False
Is 88950322609 a prime number?
True
Is 24888899461 a prime number?
True
Is 1829876299 composite?
False
Is 22389172657 a composite number?
True
Is 38371543895 composite?
True
Is 6067602911 composite?
False
Is 1755646397 a composite number?
True
Is 871899187 a prime number?
True
Is 59036083761 a prime number?
False
Is 47600182697 prime?
True
Is 131649601 a prime number?
False
Is 6821672243 prime?
True
Is 809868781 prime?
False
Is 4828180879 prime?
True
Is 1717057379 a prime number?
False
Is 2962399673 a composite number?
True
Is 5085968753 a prime number?
False
Is 755365307 prime?
True
Is 980958059 prime?
False
Is 27735368051 prime?
True
Is 20435447 a prime number?
True
Is 2109119843 a composite number?
True
Is 40761701 a prime number?
False
Is 563456059 prime?
True
Is 6300923491 a composite number?
False
Is 72273053227 composite?
False
Is 73199487323 composite?
True
Is 1986085511 a composite number?
True
Is 2599414439 a composite number?
True
Is 5113361963 a prime number?
True
Is 5457107561 a composite number?
False
Is 1719907599 prime?
False
Is 11920080857 prime?
True
Is 29585778041 a composite number?
False
Is 1671269143 a prime number?
True
Is 11123329123 a prime number?
False
Is 1884148633 prime?
True
Is 110441207 a prime number?
True
Is 1543822157 prime?
True
Is 2886454169 a prime number?
True
Is 45976212463 prime?
False
Is 15266229421 prime?
False
Is 15185663639 composite?
True
Is 76355549503 a prime number?
True
Is 2905040839 a prime number?
True
Is 45263375995 composite?
True
Is 54804072697 composite?
True
Is 1402605083 a prime number?
False
Is 3609944593 composite?
False
Is 1343736949 composite?
False
Is 163559911 prime?
False
Is 12871211893 a composite number?
False
Is 970959127 a prime number?
True
Is 3161174903 a prime number?
False
Is 336491153 a composite number?
False
Is 6636219437 prime?
False
Is 12964910807 composite?
False
Is 5938306769 composite?
False
Is 904650029 composite?
True
Is 82928519 a composite number?
False
Is 1301346479 a prime number?
True
Is 62745689 composite?
False
Is 963730571 a prime nu